
6
Let g(c) = 13*c. Let v(t) = 75*t + 2. Let n(l) = 6*g(l) - v(l). Give n(-2).
-8
Let m(t) = -6*t - 391*t**2 - 388*t**2 + 780*t**2 - 5*t + 14. Calculate m(8).
-10
Let o(t) be the third derivative of -t**5/60 + 7*t**4/24 - t**3/3 - 126*t**2. Determine o(9).
-20
Suppose -2*a + 68 = -0*a. Let l(i) = -31*i + a*i - 1 + 0*i**2 + 2*i**2. What is l(2)?
13
Let i(r) = -12*r**3 - 10*r**3 + 0*r - 2 - 2*r**2 + r + 2*r + 7*r**3. Determine i(1).
-16
Let s(j) = -j - 3. Let n be (-2 - 0)*(-10)/(-4). Let w = -12 - -14. Let c = w - n. Calculate s(c).
-10
Let r(u) = 5*u**2 - 8*u - 16. Let l(y) = -6*y**2 + 10*y + 17. Let q(t) = 4*l(t) + 5*r(t). What is q(6)?
24
Suppose 0 = 4*x - 3*y + 7*y + 24, -5*y - 16 = -2*x. Let m(u) be the second derivative of u**2 + 1/6*u**3 - 17*u + 0 + 1/12*u**4. Give m(x).
4
Let s(j) = -3617*j + 1 - j**2 - 3617*j + 7236*j. Determine s(0).
1
Let g(v) = 3*v - 3. Let y be g(2). Suppose 2*a = 9 - 3. Let x(q) = -q + 4*q + 2*q**2 + 11 - q**a - 10. Calculate x(y).
1
Let c(n) = -n**2 - 5*n + 2. Let f be c(-6). Let l(v) be the third derivative of -v**4/24 - 2*v**3/3 + v**2 + 612. Determine l(f).
0
Let p(r) = r**3 + 4*r**2 - 4*r - 2. Suppose -14 = -4*k + 26. Let a(d) = d - 8. Let u be a(k). Let z be 2/4*-5*u. Determine p(z).
-7
Let i(v) = -5*v**2 - 1. Let z(l) = l**3 + 11*l**2 - 11*l - 3. Let w be z(-12). Let c = -15 - w. Suppose -3*b + b - 2 = c. Give i(b).
-6
Let g = 7 - 5. Let m(b) = 3 - g*b + b - 9. Give m(-6).
0
Let c(j) = -24*j - 38. Let z(y) = -13*y - 20. Let v(r) = 6*c(r) - 11*z(r). Give v(-11).
3
Suppose -4*k - j = -10, 2*j + 10 = 3*k + 4*j. Let s = -3 - k. Let f(x) = x**3 + 46*x + 4*x**2 - 23*x - 1 - 28*x. What is f(s)?
-1
Let o(x) = -13*x + 1. Suppose -18 = -3*r - 4*h, 0 = -2*h + 7*h. Suppose -2*c + w = 7, -3*c + 18 = 3*w + r. Give o(c).
14
Suppose -v = -3*m + 14, 0 = -5*m + v - 3*v + 5. Let k(x) = x**2 - 7*x + 20. Let q be k(4). Let d(y) = 1 - 4*y - q*y + 15*y + 0*y. Determine d(m).
10
Let i be (-21)/(-6) + 1/(-2). Let n(y) = -i*y**2 + 0 - 11*y**2 + 3*y + 13*y**2 - 6. Give n(4).
-10
Let b(m) = m**2 + m. Let u(n) be the first derivative of n**3 + 3*n + 6. Let o(z) = 4*b(z) - u(z). Let p(l) = -l - 8. Let k be p(-4). Calculate o(k).
-3
Let s(a) = -a**3 + 6*a**2 - 19*a - 4. Let j(x) = -3*x**3 + 17*x**2 - 59*x - 13. Let h(r) = -2*j(r) + 7*s(r). Give h(4).
2
Let z(s) = s**2 + s + 1. Let x(b) = -9*b + 5. Let m(c) = -x(c) + z(c). Let a be m(-10). Let v(o) = -4 - 3*o - o**3 + 3 + 0 - 4*o**2. Give v(a).
11
Let s(k) = -13*k + 21. Let f be s(2). Let y(b) = -21*b**3 - 4*b**2 + 6*b - 6. Let w(n) = -n**2 + n - 1. Let g(r) = f*w(r) + y(r). Give g(1).
-20
Let w(f) be the second derivative of 0 + 0*f**5 + 0*f**2 - 5*f + 1/6*f**4 - 1/120*f**6 + 0*f**3. Let y(g) be the third derivative of w(g). Determine y(1).
-6
Suppose -4 = -i + 3. Let r(f) = -f + 7. Let w be r(i). Let j(y) = 293*y - 293*y + 4 - y**2. Give j(w).
4
Let x be 1 - -1 - (0 - 1). Let z(m) = -2*m**x + 2*m + 0*m**3 + m + 3*m**3 + 2*m**2. Give z(-2).
-6
Suppose 2*y = -s + y - 4, 0 = 5*y + 25. Let c be s/(-2) - 162/36. Let b(n) = n**3 + 3*n**2 - 7*n + 1. Determine b(c).
-14
Let w(n) = -n**2 + 5*n + 4. Let t(l) = -l**2 + 21*l + 0*l**2 + l**2 - 5*l**2 + 16. Let h(o) = -2*t(o) + 9*w(o). What is h(-5)?
14
Let q(s) = -s - 3. Let x(j) = j**2 + 7*j + 1. Let a be x(-5). Let i = 14 + a. Suppose -d - 9 = -3*z, -z - i = d - 0*z. Determine q(d).
3
Let g(d) be the third derivative of -d**5/60 + d**4/4 - 7*d**3/6 - 2*d**2. Let c(j) = -j**2 - 5*j + 4. Let x be c(-6). Let z be 30/(-9)*3/x. What is g(z)?
-2
Suppose 10*x + 31 = 51. Let f(o) = 2*o**x + 4*o - 79 - 14*o**3 - 6*o + 80. Calculate f(1).
-13
Let z(p) be the first derivative of 3/2*p**2 + 1/2*p**3 - 6 + 4*p. Let c(s) be the first derivative of z(s). What is c(-2)?
-3
Let j(c) = -2*c. Let y(z) = 18*z - 8. Let r be y(2). Suppose 0 = 2*a - 9*a + r. Give j(a).
-8
Let f(k) = -2*k - 11. Let z(g) = 5*g + 23. Let s(h) = 13*f(h) + 6*z(h). Suppose 0 = 3*j + 27 - 39. What is s(j)?
11
Let l(n) = -4 - 1 - 4 + 4*n + 6. Determine l(9).
33
Suppose 237*m + 90 = 235*m. Let p be (-40)/6*m/60. Let a(w) = 4 + w + 0*w**2 + w**2 - 7*w. What is a(p)?
-1
Let w = 3 + -1. Let t(b) = -b**3 + 3*b**2 - 2*b - 1. Determine t(w).
-1
Suppose 51 = 465*k - 448*k. Let y(r) = -r**2 + 2*r - 3. Determine y(k).
-6
Let v(h) = -h**3 + 3*h**2 - 2. Let w = -18 + 26. Suppose 0 = -l + 3*l + w. Let k be l/10*5/(-1). What is v(k)?
2
Let l(d) = 2*d + 3. Let p(x) = -x. Let r(c) = l(c) + 4*p(c). Let h(m) be the second derivative of -5*m**3/6 - 21*m**2/2 + 17*m. Let z be h(-5). What is r(z)?
-5
Let i(c) be the first derivative of -c**4/4 + 10*c**3 + 31*c**2/2 + 5*c - 454. What is i(31)?
5
Let r(i) = 7*i**2 - i**3 - 18*i**2 + 6*i + 5 + 16*i**2. Determine r(6).
5
Let x = -2507/12 + 209. Let c(h) be the second derivative of 2*h + 0 + x*h**4 - 3*h**2 - 2/3*h**3. What is c(6)?
6
Suppose -10*t + 5*t = 195. Let v = t + 42. Let k(g) = 2*g**2 - 5*g + 3. Calculate k(v).
6
Let t(r) = r**2 + 19*r + 37. Let b = -1071 - -1054. Calculate t(b).
3
Let f = 4 - 2. Let l(g) = 7*g**2 - 8*g**2 - 4 + 7 + f*g. Suppose 5*j - 5*i + 6 = 1, 3*j = -5*i + 37. Give l(j).
-5
Let r(v) = -3 - 7*v + 2*v + 0 + 4 - 2. Suppose 24 - 9 = 2*x - 5*h, -x - h - 10 = 0. What is r(x)?
24
Suppose -2*o = -4*v + 18, -v - 3*o - 4 = 2. Suppose -5*f = v*m - 7, 4*m + 5 = -f + 3. Let r be m + (-1 - 2/(-1)). Let h(s) = -s**2 + s - 11. What is h(r)?
-11
Let b(v) = -v**2 + 11*v - 11. Suppose 5*x + 2*w = 40, -9*w = -5*x - 12*w + 35. Calculate b(x).
-1
Let x(n) = -n**3 + n**2 + 4*n + 1. Let w = 94 - 54. Let s = 43 - w. Give x(s).
-5
Suppose 6*d = 7*d - 5. Suppose -3*a = -8*a - d*y + 15, -2*a - y = -8. Let i(l) = -l. Give i(a).
-5
Let t(h) be the first derivative of -7*h**2/2 + h - 1. Let g(f) = f**3 - 7*f - 5. Let b be g(-4). Let m = b + 43. Give t(m).
-13
Let t(z) = z**2 + 12*z + 14. Suppose 55 + 55 = -10*p. Give t(p).
3
Let q(p) = -p**3 - 5*p**2 - 5*p - 4. Let o be q(-3). Let i(b) = 5 + 2723*b**2 - 2724*b**2 + 1 - 5*b. What is i(o)?
-8
Let x be (18/(-8))/(-1)*4. Let g(q) = -q**3 + 9*q**2 - q + 9. Give g(x).
0
Let w = 3 + -3. Suppose w = x + 2*x + 18. Let i(v) = 24*v**3 - 25*v**2 - 9. Let l(r) = -11*r**3 + 12*r**2 + 4. Let s(o) = 6*i(o) + 13*l(o). Calculate s(x).
-2
Let b(u) = 0*u**2 + 252*u - 254*u - 6 + 2*u**2. Determine b(0).
-6
Suppose w - h = -6, 3*w - 4 - 2 = -5*h. Let k(j) be the first derivative of 4/3*j**3 + 2*j**2 + 3*j - 6 + 1/4*j**4. Determine k(w).
0
Suppose -5*k + 663 = 138. Let j = k - 99. Let f(b) = b - 2. Determine f(j).
4
Let q(s) = s. Let x be q(8). Suppose -3*y + 32 = y. Let m(k) = -4 + 6 + y*k - 1 - k**2. Calculate m(x).
1
Let b(d) = 7*d**2 - 26*d - 15. Let i(q) = 11*q**2 - 39*q - 25. Let x(o) = 8*b(o) - 5*i(o). Calculate x(13).
5
Let f(l) = l**2 - 5*l - 8. Let p be f(7). Let c(u) be the second derivative of u**5/20 - 7*u**4/12 + 3*u**3/2 - u**2/2 + 45*u. Determine c(p).
17
Let q(i) = -10*i + i**2 + 3*i + 0*i. Suppose -7 + 32 = 5*s. Calculate q(s).
-10
Let r(m) = -m - 7. Let k(p) = -p**3 + 9*p**2 - 8. Let u be k(9). What is r(u)?
1
Let v(o) = o**3 + 2*o**2 - o + 1. Let u = 228 - 84. Let r be u/56 + 3/7. Suppose r*l = 2*l - 3. Calculate v(l).
-5
Let r(f) = 7*f - 2. Let t(k) = -4*k + 2. Let h(s) = -3*r(s) - 5*t(s). Let d(n) = -6*n. Let u(j) = j. Let x(a) = -d(a) - 5*u(a). Let i be x(-3). Give h(i).
-1
Let q be 475/171 - (-6)/27. Let h(k) = 3*k - 4. Determine h(q).
5
Let w(p) = p**2 - 3*p - 5. Let r(b) = -b**2 + 14*b - 29. Let t be r(11). Give w(t).
-1
Let m(a) = 3*a - 4. Suppose -14 = 2*p - 6*d + d, 3*d = 12. Let b be (-18)/15*(1/2 - p). Determine m(b).
5
Let h be 3/2 - (-45)/10. Let d(z) = -8*z - 5. Let q(t) = 9*t + 6. Let i(m) = h*q(m) + 7*d(m). Let j(o) = o**3 - 2*o**2 + o + 2. Let k be j(2). Calculate i(k).
-7
Let g(a) = 8*a**2 + 3*a + 1. Suppose 29*m - 51*m = 44. What is g(m)?
27
Let o = 1131 - 1125. Let p(y) = -y**3 + 7*y**2 - 7*y - 1. What is p(o)?
-7
Let s(h) = -h**2 + 7*h. Let l be s(7). Suppose 3*p - 2*p - 2 = l. Let r(z) = -z**2 + z - 2. Give r(p).
-4
Suppose 4*v = 3*x + v + 3, 2*x = v - 7. Let r(y) be the second derivative of y**3/6 + 5*y**2/2 - 5*y. Calculate r(x).
-1
Let b be -6 + 0 + -2 + 2. Let i be (-360)/(-84) - (1 - 10/14). Let z(j) = j**2 + 1 - 2 + i*j - 6. Calculate z(b).
5
Let p(d) = -d + 5 - 20 + 5 + 5 + 2*d. What is p